{"id":867,"date":"2024-04-10T06:44:56","date_gmt":"2024-04-10T06:44:56","guid":{"rendered":"https:\/\/gelecekyolumedikal.com\/product\/wheelchair\/"},"modified":"2024-04-10T17:22:22","modified_gmt":"2024-04-10T17:22:22","slug":"wheelchair","status":"publish","type":"product","link":"https:\/\/gelecekyolumedikal.com\/tr\/urun\/wheelchair\/","title":{"rendered":"tekerlekli sandalye"},"content":{"rendered":"<h2>Tekerlekli Sandalye<\/h2>\n<p>Tekerlekli sandalye, hareket kabiliyeti k\u0131s\u0131tl\u0131 olan bireylerin g\u00fcnl\u00fck ya\u015famlar\u0131n\u0131 kolayla\u015ft\u0131ran ve ba\u011f\u0131ms\u0131zl\u0131klar\u0131n\u0131 art\u0131ran bir ara\u00e7t\u0131r. Hem i\u00e7 mekanlarda hem de d\u0131\u015f mekanlarda kullan\u0131labilecek \u015fekilde tasarlanm\u0131\u015f olan tekerlekli sandalyeler, kullan\u0131c\u0131lar\u0131n rahat ve g\u00fcvenli bir \u015fekilde hareket etmelerini sa\u011flar.<\/p>\n<h2>Fonksiyonel Tasar\u0131m<\/h2>\n<p>Tekerlekli sandalyeler, kullan\u0131c\u0131lar\u0131n ihtiya\u00e7lar\u0131na uygun olarak \u00e7e\u015fitli fonksiyonlara sahip olabilir. Ayarlanabilir s\u0131rt ve oturma y\u00fczeyleri, kol\u00e7aklar ve ayakl\u0131k gibi \u00f6zellikler, kullan\u0131c\u0131n\u0131n konforunu ve destek d\u00fczeyini art\u0131r\u0131r. Ayr\u0131ca, katlanabilir veya \u00e7\u0131kar\u0131labilir par\u00e7alara sahip olan tekerlekli sandalyeler, ta\u015f\u0131ma ve depolama kolayl\u0131\u011f\u0131 sa\u011flar.<\/p>\n<h2>G\u00fcvenlik ve Dayan\u0131kl\u0131l\u0131k<\/h2>\n<p>Tekerlekli sandalyeler, g\u00fcvenlik ve dayan\u0131kl\u0131l\u0131k a\u00e7\u0131s\u0131ndan titizlikle tasarlanm\u0131\u015ft\u0131r. Sa\u011flam bir \u00e7elik veya al\u00fcminyum \u015fasi, kullan\u0131c\u0131n\u0131n g\u00fcvenli\u011fini sa\u011flamak i\u00e7in \u00f6nemli bir unsurdur. Ayr\u0131ca, tekerleklerin sa\u011flam ve dengeli olmas\u0131, kullan\u0131c\u0131n\u0131n d\u00fczg\u00fcn bir \u015fekilde hareket etmesini sa\u011flar. Baz\u0131 modellerde fren sistemleri de bulunur, b\u00f6ylece kullan\u0131c\u0131 istedi\u011fi zaman durabilir ve g\u00fcvenli bir \u015fekilde durabilir.<\/p>\n<p>Tekerlekli sandalyeler, hareket kabiliyeti k\u0131s\u0131tl\u0131 olan bireylerin ya\u015fam kalitesini art\u0131ran \u00f6nemli bir ara\u00e7t\u0131r. Fonksiyonel tasar\u0131m\u0131, g\u00fcvenlik ve dayan\u0131kl\u0131l\u0131\u011f\u0131yla kullan\u0131c\u0131lara rahatl\u0131k ve ba\u011f\u0131ms\u0131zl\u0131k sunar.<\/p>\n","protected":false},"excerpt":{"rendered":"<p>Tekerlekli sandalye, hareket k\u0131s\u0131tl\u0131l\u0131\u011f\u0131 olan bireylere mobilite sa\u011flamak i\u00e7in kullan\u0131lan bir ta\u015f\u0131ma arac\u0131d\u0131r. Genellikle tekerlekli sandalyeler, tekerlekler \u00fczerinde monte edilmi\u015f bir koltuktan olu\u015fur ve kullan\u0131c\u0131n\u0131n ya ba\u011f\u0131ms\u0131z olarak ya da ba\u015fkalar\u0131n\u0131n yard\u0131m\u0131yla hareket etmesini sa\u011flar.<\/p>\n","protected":false},"featured_media":704,"comment_status":"open","ping_status":"closed","template":"","meta":{"site-sidebar-layout":"default","site-content-layout":"","ast-site-content-layout":"default","site-content-style":"default","site-sidebar-style":"default","ast-global-header-display":"","ast-banner-title-visibility":"","ast-main-header-display":"","ast-hfb-above-header-display":"","ast-hfb-below-header-display":"","ast-hfb-mobile-header-display":"","site-post-title":"","ast-breadcrumbs-content":"","ast-featured-img":"","footer-sml-layout":"","ast-disable-related-posts":"","theme-transparent-header-meta":"default","adv-header-id-meta":"","stick-header-meta":"default","header-above-stick-meta":"","header-main-stick-meta":"","header-below-stick-meta":"","astra-migrate-meta-layouts":"set","ast-page-background-enabled":"default","ast-page-background-meta":{"desktop":{"background-color":"var(--ast-global-color-4)","background-image":"","background-repeat":"repeat","background-position":"center center","background-size":"auto","background-attachment":"scroll","background-type":"","background-media":"","overlay-type":"","overlay-color":"","overlay-opacity":"","overlay-gradient":""},"tablet":{"background-color":"","background-image":"","background-repeat":"repeat","background-position":"center center","background-size":"auto","background-attachment":"scroll","background-type":"","background-media":"","overlay-type":"","overlay-color":"","overlay-opacity":"","overlay-gradient":""},"mobile":{"background-color":"","background-image":"","background-repeat":"repeat","background-position":"center center","background-size":"auto","background-attachment":"scroll","background-type":"","background-media":"","overlay-type":"","overlay-color":"","overlay-opacity":"","overlay-gradient":""}},"ast-content-background-meta":{"desktop":{"background-color":"var(--ast-global-color-5)","background-image":"","background-repeat":"repeat","background-position":"center center","background-size":"auto","background-attachment":"scroll","background-type":"","background-media":"","overlay-type":"","overlay-color":"","overlay-opacity":"","overlay-gradient":""},"tablet":{"background-color":"var(--ast-global-color-5)","background-image":"","background-repeat":"repeat","background-position":"center center","background-size":"auto","background-attachment":"scroll","background-type":"","background-media":"","overlay-type":"","overlay-color":"","overlay-opacity":"","overlay-gradient":""},"mobile":{"background-color":"var(--ast-global-color-5)","background-image":"","background-repeat":"repeat","background-position":"center center","background-size":"auto","background-attachment":"scroll","background-type":"","background-media":"","overlay-type":"","overlay-color":"","overlay-opacity":"","overlay-gradient":""}}},"product_brand":[],"product_cat":[160],"product_tag":[],"class_list":{"0":"post-867","1":"product","2":"type-product","3":"status-publish","4":"has-post-thumbnail","6":"product_cat-tibbi-malzemeler-tr","7":"desktop-align-left","8":"tablet-align-left","9":"mobile-align-left","10":"ast-product-gallery-layout-horizontal-slider","11":"ast-product-gallery-with-no-image","12":"ast-product-tabs-layout-horizontal","14":"first","15":"instock","16":"shipping-taxable","17":"product-type-simple"},"aioseo_notices":[],"_links":{"self":[{"href":"https:\/\/gelecekyolumedikal.com\/tr\/wp-json\/wp\/v2\/product\/867","targetHints":{"allow":["GET"]}}],"collection":[{"href":"https:\/\/gelecekyolumedikal.com\/tr\/wp-json\/wp\/v2\/product"}],"about":[{"href":"https:\/\/gelecekyolumedikal.com\/tr\/wp-json\/wp\/v2\/types\/product"}],"replies":[{"embeddable":true,"href":"https:\/\/gelecekyolumedikal.com\/tr\/wp-json\/wp\/v2\/comments?post=867"}],"wp:featuredmedia":[{"embeddable":true,"href":"https:\/\/gelecekyolumedikal.com\/tr\/wp-json\/wp\/v2\/media\/704"}],"wp:attachment":[{"href":"https:\/\/gelecekyolumedikal.com\/tr\/wp-json\/wp\/v2\/media?parent=867"}],"wp:term":[{"taxonomy":"product_brand","embeddable":true,"href":"https:\/\/gelecekyolumedikal.com\/tr\/wp-json\/wp\/v2\/product_brand?post=867"},{"taxonomy":"product_cat","embeddable":true,"href":"https:\/\/gelecekyolumedikal.com\/tr\/wp-json\/wp\/v2\/product_cat?post=867"},{"taxonomy":"product_tag","embeddable":true,"href":"https:\/\/gelecekyolumedikal.com\/tr\/wp-json\/wp\/v2\/product_tag?post=867"}],"curies":[{"name":"wp","href":"https:\/\/api.w.org\/{rel}","templated":true}]}}

<h2>Tekerlekli Sandalye</h2>
<p>Tekerlekli sandalye, hareket kabiliyeti kısıtlı olan bireylerin günlük yaşamlarını kolaylaştıran ve bağımsızlıklarını artıran bir araçtır. Hem iç mekanlarda hem de dış mekanlarda kullanılabilecek şekilde tasarlanmış olan tekerlekli sandalyeler, kullanıcıların rahat ve güvenli bir şekilde hareket etmelerini sağlar.</p>
<h2>Fonksiyonel Tasarım</h2>
<p>Tekerlekli sandalyeler, kullanıcıların ihtiyaçlarına uygun olarak çeşitli fonksiyonlara sahip olabilir. Ayarlanabilir sırt ve oturma yüzeyleri, kolçaklar ve ayaklık gibi özellikler, kullanıcının konforunu ve destek düzeyini artırır. Ayrıca, katlanabilir veya çıkarılabilir parçalara sahip olan tekerlekli sandalyeler, taşıma ve depolama kolaylığı sağlar.</p>
<h2>Güvenlik ve Dayanıklılık</h2>
<p>Tekerlekli sandalyeler, güvenlik ve dayanıklılık açısından titizlikle tasarlanmıştır. Sağlam bir çelik veya alüminyum şasi, kullanıcının güvenliğini sağlamak için önemli bir unsurdur. Ayrıca, tekerleklerin sağlam ve dengeli olması, kullanıcının düzgün bir şekilde hareket etmesini sağlar. Bazı modellerde fren sistemleri de bulunur, böylece kullanıcı istediği zaman durabilir ve güvenli bir şekilde durabilir.</p>
<p>Tekerlekli sandalyeler, hareket kabiliyeti kısıtlı olan bireylerin yaşam kalitesini artıran önemli bir araçtır. Fonksiyonel tasarımı, güvenlik ve dayanıklılığıyla kullanıcılara rahatlık ve bağımsızlık sunar.</p>

<p>Tekerlekli sandalye, hareket kısıtlılığı olan bireylere mobilite sağlamak için kullanılan bir taşıma aracıdır. Genellikle tekerlekli sandalyeler, tekerlekler üzerinde monte edilmiş bir koltuktan oluşur ve kullanıcının ya bağımsız olarak ya da başkalarının yardımıyla hareket etmesini sağlar.</p>
